posite number?
True
Let v(g) = 3*g - 3. Let b(a) = a**3 + 4*a**2 - 6*a + 3. Let i be b(-5). Suppose -2*d = -0*d - i. Is v(d) composite?
True
Let k(o) = -o**2 + o - 3. Let b(g) = 2*g**2 - 2*g + 3. Let a(q) = -2*b(q) - 3*k(q). Let x be a(4). Let y(j) = j**2 + 7*j + 1. Is y(x) a prime number?
True
Let n = 13 - 10. Suppose -n*k - 75 = -402. Is k prime?
True
Let w(z) = z**2 + z - 5. Suppose 8 + 4 = -2*c. Is w(c) prime?
False
Let i be (-1 - -1) + (-2 - -1). Is (-49 + -1)/(i + -1) composite?
True
Let a(q) = q**3 - 12*q**2 + 16*q + 4. Let d be a(11). Is (d + 0)/(2 + -1) a composite number?
False
Suppose v = -0*v. Suppose -4*s + 144 = -v*n + 2*n, s + 382 = 5*n. Let r = n - -81. Is r a prime number?
True
Let w = 1225 - 786. Is w composite?
False
Suppose -4*y + 4*a + 16 = 0, 4*y - 17 = y + 2*a. Is (y - 3/(-1)) + 1 composite?
False
Let v(i) be the second derivative of -i**5/20 - i**4/4 + i**3/2 + i. Let y be v(-4). Suppose -2*k + 50 = 3*r - 3*k, 0 = y*r + 3*k - 45. Is r composite?
True
Suppose -4*n + 161 - 1 = 0. Let j = 24 + 13. Suppose -j = -g + n. Is g composite?
True
Let v(r) = -24*r**3 - 5*r**2 + 4*r + 11. Is v(-4) prime?
True
Let o(m) = 7*m**3 - 2*m**2 + 13*m - 4. Is o(6) a composite number?
True
Suppose -5*g = -1 - 9. Let y be 1/(-3) - (-40)/(-24). Is y/((-2)/95) + g a composite number?
False
Let d(y) = -15*y**3 - 3*y**2 + 2*y + 7. Is d(-3) prime?
True
Suppose 1 = p - 7. Suppose p*l + 838 = 10*l. Is l a prime number?
True
Let z(x) = x - 8. Let u be z(4). Let v = u + 26. Is v a composite number?
True
Let b(z) = -89*z + 3. Let x be b(8). Let o = -452 - x. Is o a prime number?
True
Is (-73 + -1)*(-1)/(6/15) a composite number?
True
Let l be 0 + 2/(-1) + 4. Suppose -l*d = 6 - 2. Is 56 + (d - (1 - 2)) a prime number?
False
Let k(y) = 18*y - 1. Let d = 5 - 3. Let w(n) = 37*n - 1. Let f(h) = d*w(h) - 5*k(h). Is f(-3) a composite number?
True
Let o(z) = 4*z - 2. Let m(q) = -5*q + 3. Let k(p) = 5*m(p) + 6*o(p). Let w be (1 - 0) + 4 + -9. Is k(w) prime?
True
Let b = -206 - -748. Suppose 3*o - 1748 = -b. Let p = -245 + o. Is p a composite number?
False
Suppose -b - 10 = -3*b. Suppose 5*d - 4*s - 32 = -b*s, 0 = -d + 5*s - 4. Suppose -v + 17 = -d. Is v composite?
False
Let o be 15/6*35*2. Suppose -63 - 7 = -2*a - 2*l, -l - o = -5*a. Is a a prime number?
False
Let p = -59 + 103. Suppose p = -l - 23. Let u = l + 120. Is u composite?
False
Let w = 29 - 24. Suppose -3*x + 641 = 2*m, -m + 2*m - 314 = w*x. Is m a composite number?
True
Let z(a) be the second derivative of a**5/20 + a**4/2 - a**3/2 - a**2/2 - 3*a. Is z(-3) composite?
True
Let a = -76 - -783. Is a a prime number?
False
Suppose 0*k - 60 = -4*k. Is k a composite number?
True
Suppose -h - 5*h = -978. Is h composite?
False
Suppose d = -t - 3*d + 57, -4*d - 155 = -3*t. Is t a composite number?
False
Suppose 4*x = -5*f + 854 - 86, -5*f - 915 = -5*x. Is x prime?
False
Suppose 0 = 4*v, 2*o = -2*o + 3*v + 748. Is o composite?
True
Suppose -1 = 2*t - l, 2*t + 18 = t + 4*l. Suppose 2 - 4 = 2*a + t*x, 2*a - x = -5. Is (-2)/(a/9) - 0 prime?
False
Suppose 177 = 5*g + 22. Let l = g + -18. Suppose -62 = -z - l. Is z a prime number?
False
Suppose -z + 4 = z. Is (1/3)/(z/534) prime?
True
Let d be (-7)/(-4)*(-15 + -29). Let g(x) = 8*x**2 + 6*x + 6. Let f be g(-4). Let z = d + f. Is z composite?
True
Let q(s) = -5*s**3 - 4*s**2 - 10*s - 3. Is q(-4) a prime number?
True
Suppose -31 = -o - u - 2*u, -2*o - 2*u = -46. Let a(k) = -o*k + 1 + 6*k + 7*k. Is a(-2) a prime number?
True
Suppose 14*f - 62 = 12*f. Is f prime?
True
Let f = 0 - -2. Suppose 3*l = -3*b + 657, 2*b + 3*l = -f*b + 880. Is b a composite number?
False
Let u be (-1)/((-2)/8*1). Suppose b - u = 2. Is b a composite number?
True
Suppose -6*f + 5 = -5*f, -2*f + 50 = -j. Is 532/10 - (-8)/j a prime number?
True
Let c be (27/(-6))/(1/(-36)). Suppose 3*t - 252 - 219 = 2*w, -t + c = w. Is t a composite number?
True
Let n(y) = 3*y**2 - 2*y + 4. Is n(-3) composite?
False
Let o be (17/2)/(2/4). Let t = -8 + 26. Suppose -w = -t - o. Is w composite?
True
Let w = 8 - 3. Suppose 0*t = 2*t - 3*y - 47, w*t - 4*y = 114. Is t composite?
True
Let m(d) = -101*d - 31. Is m(-9) composite?
True
Suppose v - 3*l = 68, 5*v + 2*l = 103 + 169. Suppose 0*j = -4*j + v. Is j a composite number?
True
Let n(o) = -5*o - 18*o**2 + 3 - 2 + 86*o**2 - 5. Is n(-3) a composite number?
True
Let r(v) = -24*v - 3. Is r(-6) a composite number?
True
Suppose 626 - 157 = i. Is i composite?
True
Suppose u - 3*h - 3 = -4*h, 4*u - 2*h - 12 = 0. Suppose 2*p - 10 = u*o, -1 = p - o - 8. Is p composite?
False
Suppose -6 = -4*j - 22, -1350 = -2*s + 3*j. Is s prime?
False
Let b = 689 + -238. Is b a prime number?
False
Let c = 22 - 12. Is (0 - -4)/(4/c) a composite number?
True
Suppose -5*t = -3*d - 2777, t - 573 = -0*d + 5*d. Is t prime?
False
Is (-956)/((3 - (3 + 2))/1) prime?
False
Let k be 54*((-9)/2)/(-3). Let n = k + 212. Is n a prime number?
True
Let x = -4 + 71. Is x prime?
True
Let a(v) = -7*v**2 + v - 1. Let s(r) be the first derivative of -5*r**3 + r**2/2 - 3*r + 2. Let b(i) = -9*a(i) + 4*s(i). Is b(-5) prime?
True
Let o = 0 - -3. Let z be 3/o + (-4)/(-2). Suppose 0*i - z*i + 66 = 0. Is i composite?
True
Let y(b) = -33*b + 4. Suppose 4*t + 4 = 0, t + 5 = -2*o - 2. Let f be y(o). Suppose 4*g + 8 = 0, -4*k - g - 21 = -f. Is k prime?
False
Let u = 14178 - 8857. Is u a composite number?
True
Let q(v) = 5*v**3 + 3*v**2 - 12*v - 5. Is q(11) a composite number?
True
Let z(i) = 1360*i**2 + 3*i - 2. Is z(1) composite?
False
Let w(r) = -15*r**2 + 5*r - 1. Let o(g) = -6*g + 1 - 2 + 2 + 16*g**2. Let s(p) = -3*o(p) - 4*w(p). Is s(-3) a composite number?
True
Let c be -1*2 + 985 + -13. Suppose -2*o + c = l, -2*o - 2*l + 1160 = 194. Is o prime?
True
Suppose -k + 11 - 66 = -4*t, 0 = -4*t - 12. Let c = k - -185. Suppose -3*p = -4*f - 131, -2*f - 40 = -4*p + c. Is p prime?
True
Suppose 0*r = -r + 57. Let f = 85 - 51. Let g = r + f. Is g composite?
True
Suppose 344 = -4*f + 1180. Is f a prime number?
False
Let f(j) = 934*j**2 - 4*j - 1. Is f(-1) a prime number?
True
Let u be ((-5)/(-2))/(1/2). Let h = u - 2. Is (-18)/2*(-1)/h a prime number?
True
Let v(l) = -22*l - 3. Suppose -3*k = 3*h + 15, -h - 3*k - 2*k - 9 = 0. Is v(h) a prime number?
False
Let g = 16 - 16. Suppose a + 3*a - 476 = g. Is a prime?
False
Let v = -441 - -922. Is v composite?
True
Suppose 30 - 359 = -s. Is s prime?
False
Let c = 4 + -4. Suppose 2 = k - c. Is (2/k)/((-1)/(-47)) composite?
False
Let o(v) = 15*v - 1. Is o(10) a prime number?
True
Let q(f) = f - 2. Let d be q(3). Let g be 3 + 0/(d - 0). Suppose 2*j = g*k + 79, j - 6*k + k - 50 = 0. Is j prime?
False
Suppose 3*q - 135 - 99 = 0. Suppose -2*c + 2*z + q = -56, 3*z - 67 = -c. Suppose 3*f - c - 50 = 0. Is f composite?
True
Let o = -786 - -2409. Is o composite?
True
Suppose 0 = 3*w - 3*z - 9, 3*w + 5*z = 2*z + 9. Is (16/(-4))/((-2)/w) prime?
False
Let s be -382*(5/(-2) - -2). Let y be s + 4/2 + -1. Suppose 5*f = 4*k - 211, -3*k + 2*f = 5*f - y. Is k composite?
False
Suppose 3 = -2*t + 7. Suppose -t*v = -7*v. Suppose v = i - 4 - 18. Is i prime?
False
Suppose 22 = 3*x - 17. Let l be x + (-2)/(0 + -2). Let u = 69 + l. Is u a composite number?
False
Suppose 2*i + 5*r = i + 9, 5*i - 23 = -3*r. Suppose i*f + 4*q = -q - 5, -5*f + 45 = -4*q. Suppose 0 = p - h - 6 - 9, f*h = -4*p + 15. Is p a composite number?
True
Suppose 4*g + 124 - 344 = 0. Is g a composite number?
True
Suppose 371 + 297 = 4*v. Is v a composite number?
False
Suppose -7*s = -39 - 10. Is s a prime number?
True
Suppose s - 2*s + 4*z + 23 = 0, 5*z + 25 = 0. Suppose s*t + 8 - 2 = 0. Is 6/4*22 - t a prime number?
False
Let k(h) = -11*h + 1. Let u be k(-2). Suppose -m - 4 = -1, -9 = -3*g - 2*m. Suppose u + 12 = g*r. Is r prime?
True
Let d = -50 - -493. Is d a composite number?
False
Suppose 5*o = 5*k - 583 - 2117, 5*k - 4*o = 2701. Is k a prime number?
True
Let n(y) be the third derivative of 2*y**5/5 - y**4/6 + y**3/2 - y**2. Is n(4) prime?
False
Is (10227/(-28))/(6/(-16)) prime?
False
Let l(a) = -4*a**3 + 2*a**2 + 3*a - 2. Let r be l(2). Let c = -52 - r. Let b = -21 - c. Is b a composite number?
False
Suppose 4*a + j + 3*j = 28, -a + 2*j = -13. Let w be 3/a + (-91)/3. Is (4 + 0)*w/(-8) composite?
True
Let z(j) = 11*j**2 + j - 1. Let k(v) = -4*